s divided by j(l)?
12
Let y(b) = b. Let o(n) = 11*n - 1. Let a(m) = o(m) - 6*y(m). Let z be a(1). Calculate the remainder when (-235)/(-20) + 1/z is divided by 7.
5
Let n = -10 + 15. Suppose -n*r + 3*d + 22 = 0, 2*r + 5*d - 3 = -19. Suppose -r*c + 11 = -9. Calculate the remainder when c is divided by 4.
2
Suppose 3*f + 4*k = -2, -5*k + 15 = -3*f - 2*f. Calculate the remainder when 52 is divided by (224/(-24))/(f/3) + 4.
16
Suppose 7*w - 13 - 57 = 0. What is the remainder when 47 is divided by w?
7
Suppose 0 = -2*j + 227 + 47. What is the remainder when j is divided by 35?
32
Let w = -749 + 788. What is the remainder when 270 is divided by w?
36
Let a(v) = 2*v - 10. Let q(s) = -s - 11. Calculate the remainder when a(8) is divided by q(-14).
0
Let i(g) be the first derivative of g**4/4 - 5*g**3/3 + 2*g**2 + 3*g - 1. Suppose 0*l = -l + 6. What is the remainder when i(l) is divided by 17?
12
Suppose -52 = -17*i + 13*i. Calculate the remainder when 69 is divided by i.
4
Let l = 42 - -15. What is the remainder when 3 + 20/15*l/2 is divided by 16?
9
Let b be (-113)/2*8/8*-2. Suppose 6*q - b = 13. Calculate the remainder when 47 is divided by q.
5
Suppose 2*s - 3*j = -2*s - 236, -3*j = 4*s + 212. Let k be (-248)/(-14) + (-16)/s. Let m = -8 + k. Calculate the remainder when 49 is divided by m.
9
Suppose -c - 5*g + 7 = -0*c, -2*g = -2*c + 2. Calculate the remainder when c is divided by ((-6)/(-9)*-3)/(3 - 4).
0
Suppose 60*c - 4 = 58*c. Suppose -3*b + 3*g + 22 = -2*b, -b - c*g = -42. What is the remainder when b is divided by 7?
6
Suppose 0*o = 4*o - 248. Let k = 113 - 100. Calculate the remainder when o is divided by k.
10
Suppose 2*i + v = 11, -2*i = 3*i + 5*v - 20. What is the remainder when 158 is divided by i?
4
Let c(s) = 2*s**2 - 7*s + 6. Suppose 0*o + 4*o - 191 = -5*g, 2*g = -2*o + 76. What is the remainder when g is divided by c(4)?
9
Let a be ((-8)/28)/(2/(-14)). Let m(w) = -9*w**2 + 3 - w**3 - 8*w**a + 3*w**2. What is the remainder when 10 is divided by m(-14)?
1
Let g(z) = z**2 - 2*z - 3. Let s(m) = m**3 - 1. Let i be s(2). Calculate the remainder when g(i) is divided by 0*(-2)/8 - (-9 + -2).
10
Let y = -705 + 807. Calculate the remainder when y is divided by 52.
50
Let v(n) = -9*n + 13. What is the remainder when 21 is divided by v(0)?
8
Suppose -179 = -3*b + v, 3*b + 61 = 4*b + v. Suppose 0 = -4*y - 0*y - b. Let q = y - -37. What is the remainder when 85 is divided by q?
19
Suppose -7*y + 9*y - 574 = 0. What is the remainder when y is divided by 36?
35
Let r = 2 - 1. Let y = r + 12. What is the remainder when (-45)/27*15*(6 - 7) is divided by y?
12
Suppose 4*l + 6 = 7*l. Let m be (-3 - -7)*l/(-4). What is the remainder when (-2 - m) + 3 + 16 is divided by 10?
9
Suppose 4*i = 142 + 530. What is the remainder when i is divided by 58?
52
Let g be 0/(-1) + 7*3. Let x = g - 6. What is the remainder when 21/(7 + 325/(-52)) is divided by x?
13
Suppose -3*o - 7 = -490. Calculate the remainder when o is divided by ((-5)/(-10))/(4/328).
38
Suppose -111 = -13*r + 123. Calculate the remainder when (-3)/2*712/(-12) is divided by r.
17
Let s be (((-275)/4)/(-1))/(1/4). Suppose -2*m + 211 = 2*m - i, -5*i - s = -5*m. Calculate the remainder when m is divided by 9.
7
Suppose -34 + 74 = 4*l. Calculate the remainder when 178 is divided by l.
8
Suppose 0 = -10*q + 13 + 257. Let m(c) = c**2 - 3*c + 4. What is the remainder when q is divided by m(4)?
3
What is the remainder when 1 + 82 - -2*3/2 is divided by 44?
42
Suppose 0 = -672*o + 665*o + 10829. What is the remainder when o is divided by 31?
28
Suppose -27*b = -24*b + 8*j - 116, 84 = 2*b + 4*j. What is the remainder when 203 is divided by b?
47
Suppose -2*l = 4*l - 12. Suppose -3*o + 3 = 0, -5*o + 15 = z - l*o. Calculate the remainder when 35 is divided by z.
11
Let c(y) = -y**3 + 10*y**2 - 5*y - 10. Let x be c(8). Suppose 2*q = x + 26. Suppose q = 4*d + 4. Calculate the remainder when 35 is divided by d.
11
Suppose -4*n = -d + 1025, -3*d + 929 = -5*n - 2153. What is the remainder when d is divided by 24?
21
Suppose 4*k + 132 - 403 = m, -k + 49 = -4*m. What is the remainder when k is divided by 18?
15
Suppose -4*l + 8*l - 52 = 0. Suppose -3*a = -4*a + 3*f + 34, f = -2*a + 103. What is the remainder when a is divided by l?
10
Let t = -10 + 7. Let a be ((-4)/t)/(2/3). Suppose -a*y + 0*y = -10. What is the remainder when 9 is divided by y?
4
Suppose 3*u - 5*l + 600 = 8*u, -2*l + 363 = 3*u. Suppose -u + 45 = -2*s. Calculate the remainder when s is divided by 22.
17
Let c be 9/18 + 183/6. Suppose -5*y = 3*w + c - 78, -4*y + 46 = 3*w. Suppose -3*i - 14 = -l - i, 3*i = -9. Calculate the remainder when w is divided by l.
6
Let k = 51 - 41. Let g(d) = d + 33. Calculate the remainder when g(k) is divided by 5.
3
Let q = -1076 + 1395. What is the remainder when q is divided by 32?
31
Suppose 14*o + 2*r = 11*o + 14, 0 = -5*o + r + 45. What is the remainder when 11 is divided by o?
3
Let w be (-5258)/(-55) + 6/15. Calculate the remainder when 31 is divided by -30*(16/w)/(1/(-4)).
11
Let x = -29 - -29. Suppose -l - l = 4*n + 4, x = -5*l + 2*n + 26. Calculate the remainder when 19 is divided by l.
3
Suppose 0*a = 2*a - 8. Suppose 2*n - 5*r - a = 0, n - 1 + 0 = 2*r. Let f = 6 - n. What is the remainder when f is divided by 3?
0
Let f = 67 - 99. Let q = 41 + f. What is the remainder when 17 is divided by q?
8
Suppose 5*v + z - 105 = 3*v, 4*z = -v + 56. Calculate the remainder when 257 is divided by v.
49
Suppose -n + 8 + 16 = 0. Let t = 146 + -75. What is the remainder when t is divided by n?
23
Let f = -937 - -1129. What is the remainder when f is divided by 86?
20
Suppose -4*z - 3*t + 464 = 0, -3*z - z - t = -472. What is the remainder when z is divided by 20?
19
Let r be 1/2*12/2. Let a(i) = -3 + 0*i**3 + 2*i + i**2 - i + 2*i + i**3. What is the remainder when a(r) is divided by 11?
9
Suppose 18*m - 19*m = -41. Calculate the remainder when 80 is divided by m.
39
What is the remainder when (-19904)/(-160) + (-4)/10 is divided by 17?
5
Let r = 62 + 23. Suppose 25*s = 20*s + r. Let g(c) = -c**3 - 2*c**2 + c + 3. What is the remainder when s is divided by g(-3)?
8
Let i(x) = -x**3 - 11*x**2 - 6*x + 9. Let s(u) = 8*u + 2. Let t be s(-1). Let n be (3/t)/(1/22). Calculate the remainder when i(n) is divided by 26.
23
Suppose 8*j - 693 = 635. Calculate the remainder when j is divided by 43.
37
Let r = -8 - -8. Suppose r = 3*c + 7 - 22. Suppose 2 = -2*f + 4*w, w - 5 = -c*f + 1. What is the remainder when 3 is divided by f?
0
Let b(c) = c**2 + 10*c + 4. Let z be b(-9). Let i = z - -7. Suppose i*s + 8 = 4*s. Calculate the remainder when 5 is divided by s.
1
Suppose -5*t = 77 - 757. Calculate the remainder when t is divided by 42.
10
Let p(z) = -27*z**3 - 2*z**2 + 2*z + 4. What is the remainder when 107 is divided by p(-1)?
26
Let w(n) = -5*n**2 - n + 2. Let r be w(2). Let u = r - -11. Let i = u + 11. Calculate the remainder when i is divided by 1.
0
Suppose 37*b = 2654 - 212. What is the remainder when b is divided by (4/(-5))/(2/(-35))?
10
Suppose -253 + 19 = -18*q. What is the remainder when 348 is divided by q?
10
Let h(k) = k**2 + 40*k + 118. What is the remainder when 7 is divided by h(-37)?
0
Let m = 32 + -44. Let u = m + 33. What is the remainder when u is divided by 7?
0
Let d be (-7 - -5)/(-1 + 3). Let j(q) = -35*q. Calculate the remainder when j(d) is divided by 13.
9
Suppose 4*p - 571 = p + 5*n, 2*n = -5*p + 931. Calculate the remainder when p is divided by 16.
11
Suppose x = 24*x - 391. What is the remainder when 73 is divided by x?
5
Let m be 10*(-1 - (-32)/20). Suppose m*v - 2*v = -4. Calculate the remainder when 17 is divided by 4*1/1 - v.
2
Suppose o + 258 = 2*o. Suppose 4*y + 194 = 2*p - 0*p, 0 = 3*p + 5*y - o. Calculate the remainder when p is divided by (-31)/(2/(-3 - -1)).
29
Suppose -31*p = -45*p + 798. Calculate the remainder when 1138 is divided by p.
55
Let x be 6/(-30) - (-312)/10. Suppose -5*y - 5*s + 110 = 0, 3*y + x = 4*y + 4*s. Suppose 0 = -6*j + 7*j - y. Calculate the remainder when j is divided by 5.
4
Suppose 0 = -23*o + 620 + 530. Calculate the remainder when o is divided by 14.
8
Let c(u) = -131*u. Suppose 0*v = 3*t + 5*v - 66, 2*t = 3*v + 44. What is the remainder when c(-1) is divided by t?
2